{"version":"1.0","provider_name":"Payet Vacances","provider_url":"https:\/\/payetvacances.com\/fr\/","title":"Appartements de vacances et locations de vacances \u00e0 l'Estartit","type":"rich","width":600,"height":338,"html":"<blockquote class=\"wp-embedded-content\" data-secret=\"tCSCvwLTnQ\"><a href=\"https:\/\/payetvacances.com\/fr\/qui-nous-sommes\/\">QUI NOUS SOMMES<\/a><\/blockquote><iframe sandbox=\"allow-scripts\" security=\"restricted\" src=\"https:\/\/payetvacances.com\/fr\/qui-nous-sommes\/embed\/#?secret=tCSCvwLTnQ\" width=\"600\" height=\"338\" title=\"\u00ab\u00a0QUI NOUS SOMMES\u00a0\u00bb &#8212; Payet Vacances\" data-secret=\"tCSCvwLTnQ\" frameborder=\"0\" marginwidth=\"0\" marginheight=\"0\" scrolling=\"no\" class=\"wp-embedded-content\"><\/iframe><script>\n\/*! This file is auto-generated *\/\n!function(d,l){\"use strict\";l.querySelector&&d.addEventListener&&\"undefined\"!=typeof URL&&(d.wp=d.wp||{},d.wp.receiveEmbedMessage||(d.wp.receiveEmbedMessage=function(e){var t=e.data;if((t||t.secret||t.message||t.value)&&!\/[^a-zA-Z0-9]\/.test(t.secret)){for(var s,r,n,a=l.querySelectorAll('iframe[data-secret=\"'+t.secret+'\"]'),o=l.querySelectorAll('blockquote[data-secret=\"'+t.secret+'\"]'),c=new RegExp(\"^https?:$\",\"i\"),i=0;i<o.length;i++)o[i].style.display=\"none\";for(i=0;i<a.length;i++)s=a[i],e.source===s.contentWindow&&(s.removeAttribute(\"style\"),\"height\"===t.message?(1e3<(r=parseInt(t.value,10))?r=1e3:~~r<200&&(r=200),s.height=r):\"link\"===t.message&&(r=new URL(s.getAttribute(\"src\")),n=new URL(t.value),c.test(n.protocol))&&n.host===r.host&&l.activeElement===s&&(d.top.location.href=t.value))}},d.addEventListener(\"message\",d.wp.receiveEmbedMessage,!1),l.addEventListener(\"DOMContentLoaded\",function(){for(var e,t,s=l.querySelectorAll(\"iframe.wp-embedded-content\"),r=0;r<s.length;r++)(t=(e=s[r]).getAttribute(\"data-secret\"))||(t=Math.random().toString(36).substring(2,12),e.src+=\"#?secret=\"+t,e.setAttribute(\"data-secret\",t)),e.contentWindow.postMessage({message:\"ready\",secret:t},\"*\")},!1)))}(window,document);\n\/\/# sourceURL=https:\/\/payetvacances.com\/wp-includes\/js\/wp-embed.min.js\n<\/script>\n","description":"Nous sommes une entreprise familiale de l'Estartit, \u00e2g\u00e9e de plus de 50 ans et sp\u00e9cialis\u00e9e dans la location touristique et les services immobiliers tels que la vente, la location annuelle ou la construction et la promotion.","thumbnail_url":"https:\/\/payetvacances.com\/wp-content\/uploads\/2023\/05\/contacte-barca-1.jpg"}

Appartements de vacances et locations de vacances à l'Estartit

Nous sommes une entreprise familiale de l'Estartit, âgée de plus de 50 ans et spécialisée dans la location touristique et les services immobiliers tels que la vente, la location annuelle ou la construction et la promotion.
